 6295623194?
2, 7, 3847, 16699
List the prime factors of 96168880.
2, 5, 19, 151, 419
What are the prime factors of 208479194?
2, 7, 11, 17, 79633
What are the prime factors of 411416067?
3, 10979, 12491
What are the prime factors of 33678417?
3, 23, 43, 11351
What are the prime factors of 123100724?
2, 30775181
What are the prime factors of 467085645?
3, 5, 13, 19, 42023
What are the prime factors of 48948776?
2, 6118597
What are the prime factors of 94784782?
2, 421, 112571
What are the prime factors of 5947355810?
2, 5, 11, 929, 58199
List the prime factors of 657451450.
2, 5, 97, 283, 479
List the prime factors of 29853011.
23, 97, 13381
What are the prime factors of 7025632640?
2, 5, 13, 844427
List the prime factors of 112876598.
2, 56438299
List the prime factors of 29780097.
3, 9926699
List the prime factors of 551172530.
2, 5, 139, 396527
What are the prime factors of 53215905?
3, 5, 23, 73, 2113
List the prime factors of 33031886.
2, 16515943
List the prime factors of 2339392059.
3, 4951, 52501
What are the prime factors of 94757838?
2, 3, 7, 23, 233, 421
List the prime factors of 46387115.
5, 67, 138469
What are the prime factors of 141570306?
2, 3, 7865017
List the prime factors of 355473484.
2, 2423, 36677
What are the prime factors of 184797778?
2, 11, 23, 365213
What are the prime factors of 31960088?
2, 29, 347, 397
What are the prime factors of 3809104340?
2, 5, 12107, 15731
What are the prime factors of 98163762?
2, 3, 61, 268207
What are the prime factors of 198262143?
3, 17, 31, 41801
What are the prime factors of 117884500?
2, 5, 43, 5483
What are the prime factors of 37341490?
2, 5, 3734149
What are the prime factors of 1475986069?
1475986069
List the prime factors of 1613626845.
3, 5, 29, 3709487
List the prime factors of 78539579.
78539579
List the prime factors of 327863393.
11, 13, 2292751
What are the prime factors of 72159051?
3, 24053017
List the prime factors of 4331927.
929, 4663
What are the prime factors of 175083835?
5, 1163, 30109
List the prime factors of 36782887.
101, 364187
What are the prime factors of 76956730?
2, 5, 1801, 4273
What are the prime factors of 1390480378?
2, 7, 311, 319357
What are the prime factors of 119337406?
2, 397, 150299
What are the prime factors of 82388012?
2, 7, 89, 4723
List the prime factors of 546632479.
71, 269, 28621
List the prime factors of 435920666.
2, 217960333
List the prime factors of 1338460160.
2, 5, 23, 5683
What are the prime factors of 1007205965?
5, 31, 6498103
What are the prime factors of 2553958818?
2, 3, 37, 107, 35839
List the prime factors of 4268761462.
2, 7, 304911533
What are the prime factors of 216422768?
2, 19, 37, 71, 271
List the prime factors of 211181907.
3, 1429, 49261
List the prime factors of 280075907.
280075907
List the prime factors of 113202778.
2, 13, 449, 9697
What are the prime factors of 279178688?
2, 4362167
What are the prime factors of 24045073?
13, 71, 109, 239
What are the prime factors of 306955020?
2, 3, 5, 5115917
List the prime factors of 2902869.
3, 17, 18973
What are the prime factors of 1251473003?
11, 17, 1423, 4703
List the prime factors of 1844683.
1844683
What are the prime factors of 345119702?
2, 172559851
List the prime factors of 22441020.
2, 3, 5, 7, 17, 449
What are the prime factors of 38846185?
5, 7, 1109891
List the prime factors of 26968262.
2, 13484131
List the prime factors of 411556665.
3, 5, 13, 2110547
List the prime factors of 184490592.
2, 3, 11, 13, 89, 151
What are the prime factors of 1909322250?
2, 3, 5, 11, 231433
What are the prime factors of 404444114?
2, 37, 5465461
What are the prime factors of 5117999282?
2, 11, 232636331
What are the prime factors of 4179299?
43, 83, 1171
What are the prime factors of 79677042?
2, 3, 353, 37619
What are the prime factors of 1396835402?
2, 23, 29, 36107
What are the prime factors of 65083284?
2, 3, 7, 19, 23, 197
What are the prime factors of 180155143?
7, 59, 61, 7151
What are the prime factors of 2621233323?
3, 13159, 22133
List the prime factors of 135990244.
2, 13, 37, 5437
What are the prime factors of 13760681?
11, 1250971
List the prime factors of 1339508722.
2, 311, 2153551
List the prime factors of 163022403.
3, 54340801
List the prime factors of 148745482.
2, 74372741
What are the prime factors of 61239459?
3, 3413, 5981
List the prime factors of 7301970.
2, 3, 5, 13, 79
What are the prime factors of 3930587711?
2861, 1373851
List the prime factors of 71762199.
3, 23920733
List the prime factors of 103892844.
2, 3, 11, 787067
What are the prime factors of 1276663443?
3, 11, 38686771
What are the prime factors of 46158294?
2, 3, 7, 13, 929
List the prime factors of 1806012829.
1693, 1066753
What are the prime factors of 269484554?
2, 41, 131, 25087
What are the prime factors of 67694398?
2, 1549, 21851
List the prime factors of 4390780.
2, 5, 59, 61
List the prime factors of 567912541.
7, 81130363
What are the prime factors of 2804155311?
3, 25981, 35977
What are the prime factors of 43162292?
2, 31, 348083
What are the prime factors of 191057296?
2, 419, 28499
What are the prime factors of 2207896?
2, 275987
List the prime factors of 54626665.
5, 1129, 9677
What are the prime factors of 6574697976?
2, 3, 7, 11, 3557737
What are the prime factors of 6120389061?
3, 680043229
List the prime factors of 674216107.
17, 101, 211, 1861
List the prime factors of 2729169677.
13, 16148933
List the prime factors of 122082530.
2, 5, 12208253
What are the prime factors of 206185760?
2, 5, 11, 193, 607
What are the prime factors of 2290332753?
3, 107, 401, 659
What are the prime factors of 1370236910?
2, 5, 7, 37, 529049
What are the prime factors of 1134588709?
3307, 343087
List the prime factors of 1017409903.
1017409903
List the prime factors of 27584250.
2, 3, 5, 36779
What are the prime factors of 1576930138?
2, 7, 112637867
What are the prime factors of 649964344?
2, 81245543
List the prime factors of 163704998.
2, 89, 919691
List the prime factors of 184386343.
184386343
What are the prime factors of 117825622?
2, 58912811
What are the prime factors of 81519712?
2, 2547491
List the prime factors of 70629375.
3, 5, 139, 271
What are the prime factors of 15041668?
2, 17, 221201
List the prime factors of 3834333894.
2, 3, 491, 1301539
What are the prime factors of 33329131?
11, 389, 7789
List the prime factors of 25459355.
5, 151, 33721
List the prime factors of 267337541.
11489, 23269
What are the prime factors of 242634138?
2, 3, 40439023
What are the prime factors of 67917023?
17, 235007
List the prime factors of 84775389.
3, 59, 331, 1447
What are the prime factors of 7246848801?
3, 1321, 1828627
List the prime factors of 3650472473.
359, 10168447
What are the prime factors of 73385215?
5, 31, 473453
List the prime factors of 16637308.
2, 41, 229, 443
What are the prime factors of 238863110?
2, 5, 23886311
List the prime factors of 3140339250.
2, 3, 5, 173, 24203
List the prime factors of 67866219.
3, 7540691
What are the prime factors of 96860042?
2, 48430021
List the prime factors of 12325449.
3, 4108483
What are the prime factors of 277049549?
7, 709, 55823
What are the prime factors of 130308470?
2, 5, 151, 86297
What are the prime factors of 5771015345?
5, 1154203069
List the prime factors of 410724074.
2, 205362037
List the prime factors of 4731333136.
2, 3433, 86137
What are the prime factors of 857579472?
2, 3, 23, 73, 3547
List the prime factors of 25381638.
2, 3, 241, 5851
List the prime factors of 894533501.
397, 1427, 1579
List the prime factors of 4396335354.
2, 3, 17, 14367109
What are the prime factors of 429654908?
2, 41, 2619847
What are the prime factors of 62484687?
3, 1621, 4283
What are the prime factors of 860037?
3, 283, 1013
List the prime factors of 47377391.
47377391
What are the prime factors of 45459723?
3, 19, 797539
What are the prime factors of 1063647442?
2, 11, 13, 29, 257, 499
List the prime factors of 2402317453.
199, 12071947
What are the prime factors of 4501041375?
3, 5, 12002777
List the prime factors of 675871159.
17, 39757127
List the prime factors of 15441523.
479, 32237
What are the prime factors of 1889881480?
2, 5, 23, 313, 6563
List the prime factors of 1987924453.
25951, 76603
List the prime factors of 10